{"id":11,"date":"2013-04-04T03:46:57","date_gmt":"2013-04-04T03:46:57","guid":{"rendered":"http:\/\/www.lugarmemoria.com.ar\/?page_id=11"},"modified":"2017-12-26T14:57:06","modified_gmt":"2017-12-26T14:57:06","slug":"intension-y-extension","status":"publish","type":"page","link":"https:\/\/lugarmemoria.com.ar\/?page_id=11","title":{"rendered":"Intensi\u00f3n y Extensi\u00f3n"},"content":{"rendered":"<h2 style=\"text-align: justify;\"><span style=\"color: #008080;\">Medios gr\u00e1ficos y audiovisuales<\/span><\/h2>\n<p style=\"text-align: justify;\">Entrevista a Juan Besse en el programa especial producido sobre el Bombardeo de la Plaza de Mayo ocurrido el 16 de junio de 1955. Programa de Producci\u00f3n Televisiva de la Licenciatura en Comunicaci\u00f3n Social de la Universidad Nacional de Quilmes. 2015<\/p>\n<p><iframe loading=\"lazy\" title=\"Especial - Bombardeos de la Plaza de Mayo 1955\" width=\"625\" height=\"352\" src=\"https:\/\/www.youtube.com\/embed\/QLwEc4z3fTc?feature=oembed\" frameborder=\"0\" allow=\"accelerometer; autoplay; clipboard-write; encrypted-media; gyroscope; picture-in-picture; web-share\" referrerpolicy=\"strict-origin-when-cross-origin\" allowfullscreen><\/iframe><\/p>\n<p style=\"text-align: justify;\">Entrevista a Silvina Fabri en el programa radial <em>Con Ciencia<\/em> (n\u00ba 128) sobre \u201cPol\u00edticas p\u00fablicas, lugares de la memoria y construcci\u00f3n de la memoria colectiva\u00bb. Secretar\u00eda de Ciencia y T\u00e9cnica de la Universidad de Buenos Aires. 2 de julio de 2013.<\/p>\n<p style=\"text-align: justify;\">Entrevista a Luciana Messina en el programa Naci\u00f3n Zon\u00e1mbula (Temporada 8, episodio 22) dedicado a los ex centros clandestinos de detenci\u00f3n. TV P\u00fablica. 14 de mayo de 2013.<\/p>\n<p><iframe loading=\"lazy\" title=\"WEB   HD   Programa 022   Temporada 8   Centros Clandestinos\" width=\"625\" height=\"352\" src=\"https:\/\/www.youtube.com\/embed\/xmr8ZRBiioA?feature=oembed\" frameborder=\"0\" allow=\"accelerometer; autoplay; clipboard-write; encrypted-media; gyroscope; picture-in-picture; web-share\" referrerpolicy=\"strict-origin-when-cross-origin\" allowfullscreen><\/iframe><\/p>\n<p style=\"text-align: justify;\">Entrevista a Juan Besse sobre el 16 de junio de 1955 en el Programa \u201cBuscando la palabra justa\u201d, Radio UBA, 20 de junio de 2012.<\/p>\n<p style=\"text-align: justify;\">Entrevista a Luciana Messina y Claudia Feld publicada en el Semanario <em><a href=\"http:\/\/brecha.com.uy\/como-prevenir-el-alzheimer-colectivo\/\" target=\"_blank\">Brecha<\/a><\/em>, Uruguay. 27 de marzo de 2013.<\/p>\n<p style=\"text-align: justify;\">Participaci\u00f3n de integrantes del equipo como entrevistados y en la coordinaci\u00f3n de contenidos del cap\u00edtulo \u201cPol\u00edticas y lugares de la memoria\u201d de la serie <a href=\"http:\/\/www.encuentro.gov.ar\/sitios\/encuentro\/programas\/ver?rec_id=100216\" target=\"_blank\">Cr\u00f3nicas de Universidad\/Cr\u00f3nicas de Filo II<\/a>. Canal Encuentro. Programa emitido el 12 de julio de 2011.<\/p>\n<div class=\"gmail_default\"><\/div>\n<p style=\"text-align: justify;\">Entrevista a Luciana Messina en el programa radial \u201cPuerto de partida\u201d. Radio La Bemba FM 91.3. 26 de mayo 2012.<\/p>\n<h2 style=\"text-align: justify;\"><span style=\"color: #008080;\">Transferencia<\/span><\/h2>\n<p style=\"text-align: justify;\">Moro, Javier y Juan Besse \u201cLa nueva agenda en Pol\u00edtica P\u00fablica\u201d, M\u00f3dulo\u00a0 \u201cLa nueva agenda en Pol\u00edtica P\u00fablica\u201d, Maestr\u00eda Semi-presencial en An\u00e1lisis y Gesti\u00f3n de Pol\u00edticas P\u00fablicas Comparadas, FLACSO-Sede Acad\u00e9mica de M\u00e9xico, reedici\u00f3n 2012.<\/p>\n<p style=\"text-align: justify;\">Escolar Cora y Varela, Cecilia. Metodolog\u00eda y Dise\u00f1o del Trabajo Final Integrador, M\u00f3dulo de la Especializaci\u00f3n en Abordaje Integral de Problem\u00e1ticas Sociales en el \u00c1mbito Comunitario, Universidad Nacional de Lan\u00fas, 2011.<\/p>\n<p style=\"text-align: justify;\">Messina, Luciana. M\u00f3dulos 1 al 6 del curso \u201cEpistemolog\u00eda de las Ciencias Sociales\u201d de la Especializaci\u00f3n en Educaci\u00f3n con orientaci\u00f3n en Investigaci\u00f3n Educativa, Departamento de Planificaci\u00f3n y Pol\u00edticas P\u00fablicas, Universidad Nacional de Lan\u00fas. 2010-2011<\/p>\n<p style=\"text-align: justify;\">Comentario de Juan Besse en panel compartido con Violeta Correa y Ricardo Fava de la pel\u00edcula Nuestros desaparecidos\u00a0 de Juan Mandelbaum proyectada en el Cine Universitaro Tita Merello y en el marco de las actividades Cine Debate por el D\u00eda de la memoria, Centro de Derechos Humanos, UNLa, 26 de marzo de 2012.<\/p>\n<p style=\"text-align: justify;\">Participaci\u00f3n de Luciana Messina y Silvina Fabri en el ciclo de charlas organizadas por el Proyecto de Investigaci\u00f3n en Ciencias Sociales <em>Memorias Territorializadas<\/em>, Escuela Mart\u00edn Buber. 2012-2013.<\/p>\n<p style=\"text-align: justify;\">Participaci\u00f3n de Cecilia Varela, Joan Portos y Mariel Alonso en el Proyecto de Extensi\u00f3n Universitaria \u00abMemorias de la pol\u00edtica: dictadura y cotidianeidad en el barrio de Floresta\u00bb en coordinaci\u00f3n con la Asamblea Barrilas de Floresta en el Corral\u00f3n de Floresta, Facultad de Filosof\u00eda y Letras, Universidad de Buenos Aires. Desarrollo de talleres comunitarios, desarrollo de materiales de difusi\u00f3n.<\/p>\n<p style=\"text-align: justify;\">Participaci\u00f3n de Luciana Messina en la charla \/ debate con estudiantes de geograf\u00eda en el marco del VIII Encuentro Nacional de Estudiantes de Geograf\u00eda y salida de campo al ex centro clandestino de detenci\u00f3n \u201cOlimpo\u201d. Facultad de Filosof\u00eda y Letras, UBA. Octubre, 2007<\/p>\n","protected":false},"excerpt":{"rendered":"<p>Medios gr\u00e1ficos y audiovisuales Entrevista a Juan Besse en el programa especial producido sobre el Bombardeo de la Plaza de Mayo ocurrido el 16 de junio de 1955. Programa de Producci\u00f3n Televisiva de la Licenciatura en Comunicaci\u00f3n Social de la Universidad Nacional de Quilmes. 2015 Entrevista a Silvina Fabri en el programa radial Con Ciencia [&hellip;]<\/p>\n","protected":false},"author":1,"featured_media":0,"parent":0,"menu_order":0,"comment_status":"closed","ping_status":"closed","template":"page-templates\/full-width.php","meta":{"footnotes":""},"class_list":["post-11","page","type-page","status-publish","hentry"],"_links":{"self":[{"href":"https:\/\/lugarmemoria.com.ar\/index.php?rest_route=\/wp\/v2\/pages\/11","targetHints":{"allow":["GET"]}}],"collection":[{"href":"https:\/\/lugarmemoria.com.ar\/index.php?rest_route=\/wp\/v2\/pages"}],"about":[{"href":"https:\/\/lugarmemoria.com.ar\/index.php?rest_route=\/wp\/v2\/types\/page"}],"author":[{"embeddable":true,"href":"https:\/\/lugarmemoria.com.ar\/index.php?rest_route=\/wp\/v2\/users\/1"}],"replies":[{"embeddable":true,"href":"https:\/\/lugarmemoria.com.ar\/index.php?rest_route=%2Fwp%2Fv2%2Fcomments&post=11"}],"version-history":[{"count":10,"href":"https:\/\/lugarmemoria.com.ar\/index.php?rest_route=\/wp\/v2\/pages\/11\/revisions"}],"predecessor-version":[{"id":247,"href":"https:\/\/lugarmemoria.com.ar\/index.php?rest_route=\/wp\/v2\/pages\/11\/revisions\/247"}],"wp:attachment":[{"href":"https:\/\/lugarmemoria.com.ar\/index.php?rest_route=%2Fwp%2Fv2%2Fmedia&parent=11"}],"curies":[{"name":"wp","href":"https:\/\/api.w.org\/{rel}","templated":true}]}}